te the remainder when n(12) is divided by i.
19
Let h = -8 + 24. Let b(n) = n**2 + 8*n + 10. Let a be b(-7). Suppose -4*q = -2*i - 2, -a*i + 2*i = -4*q + 11. Calculate the remainder when h is divided by i.
7
Calculate the remainder when (-1028)/(-14) - (-3)/63*-9 is divided by 4.
1
Suppose -10 - 2 = -4*i. Calculate the remainder when 4 is divided by i.
1
Let l(r) = -r**3 - 16*r**2 - r - 13. What is the remainder when 10 is divided by l(-16)?
1
Let d(r) = -4*r - 1. Suppose q + g - 57 = 0, -g - 214 = -4*q + 2*g. What is the remainder when q is divided by d(-5)?
17
Let r = 6 - 4. Suppose -3*k + 2*j = 32, 3*j - 37 = 3*k + r*j. Let h = 37 + k. What is the remainder when h is divided by 12?
11
Suppose 0 = -2*o + 3*m + 102, o - 6*o + 269 = -4*m. Calculate the remainder when o is divided by 10.
7
Let n be 6/9 + 4/(-6). Suppose n*k - 3*k = 0, 1 = -y - k. Calculate the remainder when 26 is divided by (y*2)/(6/(-21)).
5
Suppose -y - 5*w = 38, -4*y - 5*w = 71 + 51. What is the remainder when 41 is divided by (y/16)/((-4)/32)?
13
Suppose -u - 10 = -6*u. Calculate the remainder when 9 is divided by u.
1
Let r(i) = 6*i - 8. Let b be (-5)/2*126/(-35). Calculate the remainder when r(b) is divided by 24.
22
Let f = -33 - 3. Let g = -26 - f. What is the remainder when 19 is divided by g?
9
Suppose 0 = 2*q - 0*q - 10. Suppose 448 - 128 = q*m. What is the remainder when m is divided by 22?
20
Let r be (-5)/(30/(-4))*6. Suppose 0 = -3*n + r*j + 55, j - 69 = -4*n + 2*j. What is the remainder when 32 is divided by n?
15
Let h(v) = -2*v**2 + 1. Let x be h(1). Let b = 0 - x. What is the remainder when 2 is divided by b?
0
Let p(b) = -b**2 - b + 3. Let q be p(0). Suppose -q = -n + 1. Calculate the remainder when 14 is divided by n.
2
Suppose 0*j - 2*j = 4, -n = 4*j + 9. What is the remainder when (15/(-12))/(2/(-8)) is divided by 1/n*(1 - 3)?
1
Let w = 25 + 33. What is the remainder when w is divided by 15?
13
Suppose 2*x = 5*z - 3*z + 236, -2*z = -8. Suppose -4*d = -0*d - 44. Calculate the remainder when (-4)/(-6) - x/(-6) is divided by d.
10
Calculate the remainder when 1 + 116/(0 - -4) is divided by 11.
8
Let d = -49 - -70. Suppose -3*u + 4*u - 8 = 0. Calculate the remainder when d is divided by u.
5
Let n be 26/(-6) - (-1)/3. Let b = 12 + n. Suppose 4*z + 28 = 6*z. Calculate the remainder when z is divided by b.
6
Suppose -q = 2*q - 15. Suppose -5*w + 5 = 0, w - 32 = -q*a - 6. Suppose a*h = 43 + 7. What is the remainder when 28 is divided by h?
8
Let t(q) = 14*q**3 + q**2 - q + 1. Let a be ((-4)/(-6))/(18/27). Let k be t(a). Calculate the remainder when 3 is divided by ((-4)/5)/((-6)/k).
1
Let y = -3 - -19. Suppose 80 = 2*p - 138. Let a = -62 + p. What is the remainder when a is divided by y?
15
Suppose 2*w - 34 = -3*k, -2*w + 18 = -2*k + 3*k. Suppose -2*a + 4 = -0, -3*b - 16 = -5*a. Calculate the remainder when (0 - 5)/(b/6) is divided by k.
7
Let n = 239 + -224. Suppose -12 = 3*g, -3*h = -4*h - g + 1. Suppose -14 + h = -v. What is the remainder when n is divided by v?
6
Let v = 6 + 3. What is the remainder when v is divided by 7?
2
Suppose -13*v + 11*v + 12 = 0. What is the remainder when 15 is divided by v?
3
Calculate the remainder when 77 is divided by ((3 - -2)*2)/((-2)/(-4)).
17
Let q(n) = 2*n - 4. Let b be q(9). Suppose -p + b = p. Calculate the remainder when 20 is divided by p.
6
Suppose 25*t = 27*t - 28. What is the remainder when 26 is divided by t?
12
Let c(r) = r**2 - 14*r - 3. Let i(n) = -n**2 - 7*n - 3. Calculate the remainder when c(15) is divided by i(-5).
5
Let b(m) = -72*m**2. Let x be b(1). Let g be 2/10 - x/15. Suppose -87 = 2*c - g*c. Calculate the remainder when c is divided by 10.
9
Suppose f + 93 = 5*f + 5*o, 0 = -3*o - 9. Calculate the remainder when f is divided by 6.
3
Let u = -19 + 39. Suppose -a - 4*a + u = 0. What is the remainder when 69 is divided by 73/a + (-2)/8?
15
Let s = 4 + -3. Calculate the remainder when 3 + (30/3)/(-5) is divided by s.
0
Suppose -27 = -u + 3. Calculate the remainder when 2448/u - (-3)/(-5) is divided by 21.
18
Suppose -4*a + 30 = a. Suppose -5*f + 3 + 3 = -2*c, 5*c = -3*f + 16. What is the remainder when 7 is divided by 21/a*f + -3?
3
Suppose 2*k - 44 = -16. What is the remainder when k is divided by 6?
2
Suppose -3*p - 37 = -4*p. Suppose 3*b - 35 = p. What is the remainder when 70 is divided by b?
22
Let o = 34 - 22. Let c = 13 + -8. Calculate the remainder when o is divided by c.
2
Calculate the remainder when 31 is divided by -6 + (-2 - -5) - 28/(-2).
9
Suppose 20 = 4*t, 165 = 10*y - 6*y + t. Calculate the remainder when y is divided by 22.
18
Let b(u) = 2*u**2 + 8*u + 2. What is the remainder when b(-5) is divided by 9?
3
Let k(j) = 3*j - 19. What is the remainder when 16/(-6)*(-13 - 2) is divided by k(11)?
12
Let q(r) = r**3 - 3*r**2 - 4*r + 4. Suppose -3*s = -5*s + 60. What is the remainder when q(6) is divided by s?
28
Suppose -99 - 66 = -3*c. Let z = c - 24. Calculate the remainder when z is divided by 17.
14
Let h be ((-1)/2)/((-3)/12). Suppose -2*c + h*x = -3*x - 74, 4*c + 2*x = 172. What is the remainder when c is divided by 22?
20
Suppose 0 = t + t - v - 15, 5*t = v + 33. Calculate the remainder when ((-8)/(-20))/((-2)/(-110)) is divided by t.
4
Let l(d) = 8*d - 8. Let r be l(4). Suppose r = -2*n + 4*n. Suppose x - 172 = -6*f + f, 4*f + 2*x - 134 = 0. Calculate the remainder when f is divided by n.
11
Suppose -5*b = 5*p - 115, -3*b + 4*p + 63 = p. What is the remainder when 86 is divided by b?
20
Suppose 62 = 4*t + 5*d, 0 = 2*t - 0*d + 2*d - 32. What is the remainder when 48 is divided by t?
12
Let c(k) = -k**3 + 7*k**2 - 6*k - 5. What is the remainder when 43 is divided by c(5)?
13
Let j be 10/(-2)*(-158)/(-5). Let y = j - -233. Calculate the remainder when y is divided by 19.
18
Calculate the remainder when 64 is divided by (-2 - (-3)/6)*-22.
31
Let l be 20/(-15)*60/(-1). Suppose 4*p - 5*p + 2*b = -16, -5*p - 2*b = -l. Calculate the remainder when p is divided by 9.
7
Let f(q) = q**2 - 8*q - 8. Let g be f(9). Suppose l = 1 + g. Suppose 0*m - m + 3*o - l = 0, m = 4*o - 5. What is the remainder when 12 is divided by m?
5
Calculate the remainder when 6 is divided by (-2 - 2) + 7 + 2.
1
Let s = -11 + 19. Calculate the remainder when 14 is divided by s.
6
Let c = 61 - -3. Calculate the remainder when c is divided by 17.
13
Let i(f) = -f**3 + 5*f**2 - 4*f + 4. Suppose -2 = k, -3*d + 0*k + 11 = -k. What is the remainder when 28 is divided by i(d)?
8
Let c = -2 + 1. Let g = c - -18. Calculate the remainder when 49 is divided by g.
15
Suppose 13*o - 235 - 688 = 0. Calculate the remainder when o is divided by 26.
19
Let b = 17 - 5. Calculate the remainder when b is divided by 6/(-14) + 104/14.
5
Let k(f) = 2*f**2 - 21*f + 14. Calculate the remainder when 18 is divided by k(10).
2
Let k = 2 - -1. Suppose 2*v - k = 9. What is the remainder when 16 is divided by v?
4
Let l(u) = u**3 + 14*u**2 - 16*u - 7. What is the remainder when 39 is divided by l(-15)?
7
Suppose -4*g = 4*f + 25 - 81, 0 = 5*g + 2*f - 70. Let s(a) = 3*a + 7. What is the remainder when s(6) is divided by g?
11
Let b = -414 + 588. Suppose b = 4*k - 3*y, -2*y + 4 = -0. What is the remainder when k is divided by 23?
22
Calculate the remainder when (-1)/2 - 86/(-4) is divided by 12.
9
Let l be 2/(-4) - (-7)/14. Let d = 7 - l. Let h = 10 - -3. Calculate the remainder when h is divided by d.
6
Let p(t) be the first derivative of -5*t**2/2 - 4*t + 6. Let u be 6/(-8)*(1 + 3). What is the remainder when 20 is divided by p(u)?
9
What is the remainder when (-3)/(6/2) - (-17)/1 is divided by 5?
1
Let l(d) = -d**3 - d**2 - d + 18. What is the remainder when 71 is divided by l(0)?
17
What is the remainder when 51/2 + (-4)/(-8) is divided by (-1 + 18/4)*4?
12
Suppose 0 = 3*g - 28 + 10. Calculate the remainder when 28 is divided by g.
4
Let n = -35 - -51. Suppose 3*p - 3 = 0, m - p + 6*p - 5 = 0. Suppose k + m*k = 46. Calculate the remainder when k is divided by n.
14
Suppose 10*m + 0*m - 530 = 0. What is the remainder when m is divided by 19?
15
Suppose -5*z = -0*z - 90. What is the remainder when 50 is divided by z?
14
Suppose -3*l - 3*r = -330, -5*l = 4*r - 153 - 397. What is the remainder when l is divided by 37?
36
Let c = -24 + 60. Suppose 0 = 